71.58.170.25 - - [05/Feb/2012:07:05:26 -0800] "GET /weekly/web/Picture10.gif HTTP/1.1" 200 45666 "http://www.desertdailyguide.com/weekly/index2.php?mag&pagerec=10" "Mozilla/5.0 (compatible; MSIE 9.0; Windows NT 6.0; Trident/5.0)"
71.58.170.25 - - [05/Feb/2012:07:05:28 -0800] "GET /weekly/index2.php?mag&pagerec=9 HTTP/1.1" 200 10725 "http://www.desertdailyguide.com/weekly/index2.php?mag&pagerec=10" "Mozilla/5.0 (compatible; MSIE 9.0; Windows NT 6.0; Trident/5.0)"
71.58.170.25 - - [05/Feb/2012:07:05:28 -0800] "GET /weekly/highslide/highslide.js HTTP/1.1" 404 223 "http://www.desertdailyguide.com/weekly/index2.php?mag&pagerec=9" "Mozilla/5.0 (compatible; MSIE 9.0; Windows NT 6.0; Trident/5.0)"
71.58.170.25 - - [05/Feb/2012:07:05:28 -0800] "GET /weekly/images/styles.css HTTP/1.1" 404 218 "http://www.desertdailyguide.com/weekly/index2.php?mag&pagerec=9" "Mozilla/5.0 (compatible; MSIE 9.0; Windows NT 6.0; Trident/5.0)"
71.58.170.25 - - [05/Feb/2012:07:05:32 -0800] "GET /weekly/index2.php?mag&pagerec=10 HTTP/1.1" 200 10738 "http://www.desertdailyguide.com/weekly/index2.php?mag&pagerec=9" "Mozilla/5.0 (compatible; MSIE 9.0; Windows NT 6.0; Trident/5.0)"
71.58.170.25 - - [05/Feb/2012:07:05:32 -0800] "GET /weekly/highslide/highslide.js HTTP/1.1" 404 223 "http://www.desertdailyguide.com/weekly/index2.php?mag&pagerec=10" "Mozilla/5.0 (compatible; MSIE 9.0; Windows NT 6.0; Trident/5.0)"
71.58.170.25 - - [05/Feb/2012:07:05:32 -0800] "GET /weekly/highslide/highslide.js HTTP/1.1" 404 223 "http://www.desertdailyguide.com/weekly/index2.php?mag&pagerec=10" "Mozilla/5.0 (compatible; MSIE 9.0; Windows NT 6.0; Trident/5.0)"
71.58.170.25 - - [05/Feb/2012:07:05:32 -0800] "GET /weekly/images/styles.css HTTP/1.1" 404 218 "http://www.desertdailyguide.com/weekly/index2.php?mag&pagerec=10" "Mozilla/5.0 (compatible; MSIE 9.0; Windows NT 6.0; Trident/5.0)"
71.58.170.25 - - [05/Feb/2012:07:05:35 -0800] "GET /weekly/index2.php?mag&pagerec=11 HTTP/1.1" 200 10697 "http://www.desertdailyguide.com/weekly/index2.php?mag&pagerec=10" "Mozilla/5.0 (compatible; MSIE 9.0; Windows NT 6.0; Trident/5.0)"
71.58.170.25 - - [05/Feb/2012:07:05:35 -0800] "GET /weekly/highslide/highslide.js HTTP/1.1" 404 223 "http://www.desertdailyguide.com/weekly/index2.php?mag&pagerec=11" "Mozilla/5.0 (compatible; MSIE 9.0; Windows NT 6.0; Trident/5.0)"
71.58.170.25 - - [05/Feb/2012:07:05:35 -0800] "GET /weekly/highslide/highslide.js HTTP/1.1" 404 223 "http://www.desertdailyguide.com/weekly/index2.php?mag&pagerec=11" "Mozilla/5.0 (compatible; MSIE 9.0; Windows NT 6.0; Trident/5.0)"
71.58.170.25 - - [05/Feb/2012:07:05:35 -0800] "GET /weekly/images/styles.css HTTP/1.1" 404 218 "http://www.desertdailyguide.com/weekly/index2.php?mag&pagerec=11" "Mozilla/5.0 (compatible; MSIE 9.0; Windows NT 6.0; Trident/5.0)"
71.58.170.25 - - [05/Feb/2012:07:05:36 -0800] "GET /weekly/web/Picture11.gif HTTP/1.1" 200 162941 "http://www.desertdailyguide.com/weekly/index2.php?mag&pagerec=11" "Mozilla/5.0 (compatible; MSIE 9.0; Windows NT 6.0; Trident/5.0)"
71.58.170.25 - - [05/Feb/2012:07:05:38 -0800] "GET /weekly/index2.php?mag&pagerec=12 HTTP/1.1" 200 10704 "http://www.desertdailyguide.com/weekly/index2.php?mag&pagerec=11" "Mozilla/5.0 (compatible; MSIE 9.0; Windows NT 6.0; Trident/5.0)"
71.58.170.25 - - [05/Feb/2012:07:05:38 -0800] "GET /weekly/images/styles.css HTTP/1.1" 404 218 "http://www.desertdailyguide.com/weekly/index2.php?mag&pagerec=12" "Mozilla/5.0 (compatible; MSIE 9.0; Windows NT 6.0; Trident/5.0)"
71.58.170.25 - - [05/Feb/2012:07:05:38 -0800] "GET /weekly/highslide/highslide.js HTTP/1.1" 404 223 "http://www.desertdailyguide.com/weekly/index2.php?mag&pagerec=12" "Mozilla/5.0 (compatible; MSIE 9.0; Windows NT 6.0; Trident/5.0)"
71.58.170.25 - - [05/Feb/2012:07:05:39 -0800] "GET /weekly/web/Picture12.gif HTTP/1.1" 200 81520 "http://www.desertdailyguide.com/weekly/index2.php?mag&pagerec=12" "Mozilla/5.0 (compatible; MSIE 9.0; Windows NT 6.0; Trident/5.0)"
71.58.170.25 - - [05/Feb/2012:07:05:43 -0800] "GET /weekly/index2.php?mag&pagerec=13 HTTP/1.1" 200 10725 "http://www.desertdailyguide.com/weekly/index2.php?mag&pagerec=12" "Mozilla/5.0 (compatible; MSIE 9.0; Windows NT 6.0; Trident/5.0)"
71.58.170.25 - - [05/Feb/2012:07:05:43 -0800] "GET /weekly/highslide/highslide.js HTTP/1.1" 404 223 "http://www.desertdailyguide.com/weekly/index2.php?mag&pagerec=13" "Mozilla/5.0 (compatible; MSIE 9.0; Windows NT 6.0; Trident/5.0)"
71.58.170.25 - - [05/Feb/2012:07:05:43 -0800] "GET /weekly/images/styles.css HTTP/1.1" 404 218 "http://www.desertdailyguide.com/weekly/index2.php?mag&pagerec=13" "Mozilla/5.0 (compatible; MSIE 9.0; Windows NT 6.0; Trident/5.0)"
71.58.170.25 - - [05/Feb/2012:07:05:43 -0800] "GET /weekly/web/Picture13.gif HTTP/1.1" 200 80056 "http://www.desertdailyguide.com/weekly/index2.php?mag&pagerec=13" "Mozilla/5.0 (compatible; MSIE 9.0; Windows NT 6.0; Trident/5.0)"
71.58.170.25 - - [05/Feb/2012:07:05:46 -0800] "GET /weekly/index2.php?mag&pagerec=14 HTTP/1.1" 200 10687 "http://www.desertdailyguide.com/weekly/index2.php?mag&pagerec=13" "Mozilla/5.0 (compatible; MSIE 9.0; Windows NT 6.0; Trident/5.0)"
71.58.170.25 - - [05/Feb/2012:07:05:46 -0800] "GET /weekly/images/styles.css HTTP/1.1" 404 218 "http://www.desertdailyguide.com/weekly/index2.php?mag&pagerec=14" "Mozilla/5.0 (compatible; MSIE 9.0; Windows NT 6.0; Trident/5.0)"
71.58.170.25 - - [05/Feb/2012:07:05:46 -0800] "GET /weekly/highslide/highslide.js HTTP/1.1" 404 223 "http://www.desertdailyguide.com/weekly/index2.php?mag&pagerec=14" "Mozilla/5.0 (compatible; MSIE 9.0; Windows NT 6.0; Trident/5.0)"
71.58.170.25 - - [05/Feb/2012:07:05:47 -0800] "GET /weekly/web/Picture14.gif HTTP/1.1" 200 53542 "http://www.desertdailyguide.com/weekly/index2.php?mag&pagerec=14" "Mozilla/5.0 (compatible; MSIE 9.0; Windows NT 6.0; Trident/5.0)"
71.58.170.25 - - [05/Feb/2012:07:05:56 -0800] "GET /weekly/index2.php?mag&pagerec=15 HTTP/1.1" 200 10727 "http://www.desertdailyguide.com/weekly/index2.php?mag&pagerec=14" "Mozilla/5.0 (compatible; MSIE 9.0; Windows NT 6.0; Trident/5.0)"
71.58.170.25 - - [05/Feb/2012:07:05:56 -0800] "GET /weekly/highslide/highslide.js HTTP/1.1" 404 223 "http://www.desertdailyguide.com/weekly/index2.php?mag&pagerec=15" "Mozilla/5.0 (compatible; MSIE 9.0; Windows NT 6.0; Trident/5.0)"
71.58.170.25 - - [05/Feb/2012:07:05:56 -0800] "GET /weekly/images/styles.css HTTP/1.1" 404 218 "http://www.desertdailyguide.com/weekly/index2.php?mag&pagerec=15" "Mozilla/5.0 (compatible; MSIE 9.0; Windows NT 6.0; Trident/5.0)"
71.58.170.25 - - [05/Feb/2012:07:05:57 -0800] "GET /weekly/web/Picture15.gif HTTP/1.1" 200 319504 "http://www.desertdailyguide.com/weekly/index2.php?mag&pagerec=15" "Mozilla/5.0 (compatible; MSIE 9.0; Windows NT 6.0; Trident/5.0)"
71.58.170.25 - - [05/Feb/2012:07:05:59 -0800] "GET /weekly/index2.php?mag&pagerec=16 HTTP/1.1" 200 10733 "http://www.desertdailyguide.com/weekly/index2.php?mag&pagerec=15" "Mozilla/5.0 (compatible; MSIE 9.0; Windows NT 6.0; Trident/5.0)"
71.58.170.25 - - [05/Feb/2012:07:05:59 -0800] "GET /weekly/highslide/highslide.js HTTP/1.1" 404 223 "http://www.desertdailyguide.com/weekly/index2.php?mag&pagerec=16" "Mozilla/5.0 (compatible; MSIE 9.0; Windows NT 6.0; Trident/5.0)"
71.58.170.25 - - [05/Feb/2012:07:05:59 -0800] "GET /weekly/images/styles.css HTTP/1.1" 404 218 "http://www.desertdailyguide.com/weekly/index2.php?mag&pagerec=16" "Mozilla/5.0 (compatible; MSIE 9.0; Windows NT 6.0; Trident/5.0)"
71.58.170.25 - - [05/Feb/2012:07:06:00 -0800] "GET /weekly/web/Picture16.gif HTTP/1.1" 200 82019 "http://www.desertdailyguide.com/weekly/index2.php?mag&pagerec=16" "Mozilla/5.0 (compatible; MSIE 9.0; Windows NT 6.0; Trident/5.0)"
71.58.170.25 - - [05/Feb/2012:07:06:05 -0800] "GET /weekly/index2.php?mag&pagerec=17 HTTP/1.1" 200 10732 "http://www.desertdailyguide.com/weekly/index2.php?mag&pagerec=16" "Mozilla/5.0 (compatible; MSIE 9.0; Windows NT 6.0; Trident/5.0)"
71.58.170.25 - - [05/Feb/2012:07:06:05 -0800] "GET /weekly/highslide/highslide.js HTTP/1.1" 404 223 "http://www.desertdailyguide.com/weekly/index2.php?mag&pagerec=17" "Mozilla/5.0 (compatible; MSIE 9.0; Windows NT 6.0; Trident/5.0)"
71.58.170.25 - - [05/Feb/2012:07:06:05 -0800] "GET /weekly/images/styles.css HTTP/1.1" 404 218 "http://www.desertdailyguide.com/weekly/index2.php?mag&pagerec=17" "Mozilla/5.0 (compatible; MSIE 9.0; Windows NT 6.0; Trident/5.0)"
71.58.170.25 - - [05/Feb/2012:07:06:06 -0800] "GET /weekly/web/Picture17.gif HTTP/1.1" 200 81571 "http://www.desertdailyguide.com/weekly/index2.php?mag&pagerec=17" "Mozilla/5.0 (compatible; MSIE 9.0; Windows NT 6.0; Trident/5.0)"
71.58.170.25 - - [05/Feb/2012:07:06:08 -0800] "GET /weekly/index2.php?mag&pagerec=18 HTTP/1.1" 200 10771 "http://www.desertdailyguide.com/weekly/index2.php?mag&pagerec=17" "Mozilla/5.0 (compatible; MSIE 9.0; Windows NT 6.0; Trident/5.0)"
71.58.170.25 - - [05/Feb/2012:07:06:08 -0800] "GET /weekly/highslide/highslide.js HTTP/1.1" 404 223 "http://www.desertdailyguide.com/weekly/index2.php?mag&pagerec=18" "Mozilla/5.0 (compatible; MSIE 9.0; Windows NT 6.0; Trident/5.0)"
71.58.170.25 - - [05/Feb/2012:07:06:08 -0800] "GET /weekly/images/styles.css HTTP/1.1" 404 218 "http://www.desertdailyguide.com/weekly/index2.php?mag&pagerec=18" "Mozilla/5.0 (compatible; MSIE 9.0; Windows NT 6.0; Trident/5.0)"
71.58.170.25 - - [05/Feb/2012:07:06:09 -0800] "GET /weekly/web/Picture18.gif HTTP/1.1" 200 110252 "http://www.desertdailyguide.com/weekly/index2.php?mag&pagerec=18" "Mozilla/5.0 (compatible; MSIE 9.0; Windows NT 6.0; Trident/5.0)"
71.58.170.25 - - [05/Feb/2012:07:06:10 -0800] "GET /weekly/index2.php?mag&pagerec=19 HTTP/1.1" 200 10698 "http://www.desertdailyguide.com/weekly/index2.php?mag&pagerec=18" "Mozilla/5.0 (compatible; MSIE 9.0; Windows NT 6.0; Trident/5.0)"
71.58.170.25 - - [05/Feb/2012:07:06:11 -0800] "GET /weekly/highslide/highslide.js HTTP/1.1" 404 223 "http://www.desertdailyguide.com/weekly/index2.php?mag&pagerec=19" "Mozilla/5.0 (compatible; MSIE 9.0; Windows NT 6.0; Trident/5.0)"
71.58.170.25 - - [05/Feb/2012:07:06:11 -0800] "GET /weekly/images/styles.css HTTP/1.1" 404 218 "http://www.desertdailyguide.com/weekly/index2.php?mag&pagerec=19" "Mozilla/5.0 (compatible; MSIE 9.0; Windows NT 6.0; Trident/5.0)"
71.58.170.25 - - [05/Feb/2012:07:06:11 -0800] "GET /weekly/web/Picture19.gif HTTP/1.1" 200 27816 "http://www.desertdailyguide.com/weekly/index2.php?mag&pagerec=19" "Mozilla/5.0 (compatible; MSIE 9.0; Windows NT 6.0; Trident/5.0)"
71.58.170.25 - - [05/Feb/2012:07:06:12 -0800] "GET /weekly/index2.php?mag&pagerec=20 HTTP/1.1" 200 10681 "http://www.desertdailyguide.com/weekly/index2.php?mag&pagerec=19" "Mozilla/5.0 (compatible; MSIE 9.0; Windows NT 6.0; Trident/5.0)"
71.58.170.25 - - [05/Feb/2012:07:06:12 -0800] "GET /weekly/images/styles.css HTTP/1.1" 404 218 "http://www.desertdailyguide.com/weekly/index2.php?mag&pagerec=20" "Mozilla/5.0 (compatible; MSIE 9.0; Windows NT 6.0; Trident/5.0)"
71.58.170.25 - - [05/Feb/2012:07:06:12 -0800] "GET /weekly/highslide/highslide.js HTTP/1.1" 404 223 "http://www.desertdailyguide.com/weekly/index2.php?mag&pagerec=20" "Mozilla/5.0 (compatible; MSIE 9.0; Windows NT 6.0; Trident/5.0)"
71.58.170.25 - - [05/Feb/2012:07:06:13 -0800] "GET /weekly/web/Picture20.gif HTTP/1.1" 200 116137 "http://www.desertdailyguide.com/weekly/index2.php?mag&pagerec=20" "Mozilla/5.0 (compatible; MSIE 9.0; Windows NT 6.0; Trident/5.0)"
71.58.170.25 - - [05/Feb/2012:07:06:14 -0800] "GET /weekly/index2.php?mag&pagerec=21 HTTP/1.1" 200 10733 "http://www.desertdailyguide.com/weekly/index2.php?mag&pagerec=20" "Mozilla/5.0 (compatible; MSIE 9.0; Windows NT 6.0; Trident/5.0)"
71.58.170.25 - - [05/Feb/2012:07:06:15 -0800] "GET /weekly/highslide/highslide.js HTTP/1.1" 404 223 "http://www.desertdailyguide.com/weekly/index2.php?mag&pagerec=21" "Mozilla/5.0 (compatible; MSIE 9.0; Windows NT 6.0; Trident/5.0)"
71.58.170.25 - - [05/Feb/2012:07:06:15 -0800] "GET /weekly/images/styles.css HTTP/1.1" 404 218 "http://www.desertdailyguide.com/weekly/index2.php?mag&pagerec=21" "Mozilla/5.0 (compatible; MSIE 9.0; Windows NT 6.0; Trident/5.0)"
193.47.80.37 - - [05/Feb/2012:07:06:15 -0800] "GET /biz/index.php?p=select&rub=29&nom_rubrique=Las%20Vegas HTTP/1.1" 404 219 "-" "Mozilla/5.0 (compatible; Exabot/3.0; +http://www.exabot.com/go/robot)"
71.58.170.25 - - [05/Feb/2012:07:06:15 -0800] "GET /weekly/web/Picture21.gif HTTP/1.1" 200 131613 "http://www.desertdailyguide.com/weekly/index2.php?mag&pagerec=21" "Mozilla/5.0 (compatible; MSIE 9.0; Windows NT 6.0; Trident/5.0)"
71.58.170.25 - - [05/Feb/2012:07:06:18 -0800] "GET /weekly/index2.php?mag&pagerec=22 HTTP/1.1" 200 10668 "http://www.desertdailyguide.com/weekly/index2.php?mag&pagerec=21" "Mozilla/5.0 (compatible; MSIE 9.0; Windows NT 6.0; Trident/5.0)"
71.58.170.25 - - [05/Feb/2012:07:06:18 -0800] "GET /weekly/images/styles.css HTTP/1.1" 404 218 "http://www.desertdailyguide.com/weekly/index2.php?mag&pagerec=22" "Mozilla/5.0 (compatible; MSIE 9.0; Windows NT 6.0; Trident/5.0)"
71.58.170.25 - - [05/Feb/2012:07:06:18 -0800] "GET /weekly/highslide/highslide.js HTTP/1.1" 404 223 "http://www.desertdailyguide.com/weekly/index2.php?mag&pagerec=22" "Mozilla/5.0 (compatible; MSIE 9.0; Windows NT 6.0; Trident/5.0)"
71.58.170.25 - - [05/Feb/2012:07:06:19 -0800] "GET /weekly/web/Picture22.gif HTTP/1.1" 200 42260 "http://www.desertdailyguide.com/weekly/index2.php?mag&pagerec=22" "Mozilla/5.0 (compatible; MSIE 9.0; Windows NT 6.0; Trident/5.0)"
71.58.170.25 - - [05/Feb/2012:07:06:20 -0800] "GET /weekly/index2.php?mag&pagerec=23 HTTP/1.1" 200 10716 "http://www.desertdailyguide.com/weekly/index2.php?mag&pagerec=22" "Mozilla/5.0 (compatible; MSIE 9.0; Windows NT 6.0; Trident/5.0)"
71.58.170.25 - - [05/Feb/2012:07:06:21 -0800] "GET /weekly/images/styles.css HTTP/1.1" 404 218 "http://www.desertdailyguide.com/weekly/index2.php?mag&pagerec=23" "Mozilla/5.0 (compatible; MSIE 9.0; Windows NT 6.0; Trident/5.0)"
71.58.170.25 - - [05/Feb/2012:07:06:21 -0800] "GET /weekly/highslide/highslide.js HTTP/1.1" 404 223 "http://www.desertdailyguide.com/weekly/index2.php?mag&pagerec=23" "Mozilla/5.0 (compatible; MSIE 9.0; Windows NT 6.0; Trident/5.0)"
71.58.170.25 - - [05/Feb/2012:07:06:21 -0800] "GET /weekly/web/Picture23.gif HTTP/1.1" 200 56093 "http://www.desertdailyguide.com/weekly/index2.php?mag&pagerec=23" "Mozilla/5.0 (compatible; MSIE 9.0; Windows NT 6.0; Trident/5.0)"
71.58.170.25 - - [05/Feb/2012:07:06:23 -0800] "GET /weekly/index2.php?mag&pagerec=24 HTTP/1.1" 200 10742 "http://www.desertdailyguide.com/weekly/index2.php?mag&pagerec=23" "Mozilla/5.0 (compatible; MSIE 9.0; Windows NT 6.0; Trident/5.0)"
71.58.170.25 - - [05/Feb/2012:07:06:23 -0800] "GET /weekly/highslide/highslide.js HTTP/1.1" 404 223 "http://www.desertdailyguide.com/weekly/index2.php?mag&pagerec=24" "Mozilla/5.0 (compatible; MSIE 9.0; Windows NT 6.0; Trident/5.0)"
71.58.170.25 - - [05/Feb/2012:07:06:23 -0800] "GET /weekly/images/styles.css HTTP/1.1" 404 218 "http://www.desertdailyguide.com/weekly/index2.php?mag&pagerec=24" "Mozilla/5.0 (compatible; MSIE 9.0; Windows NT 6.0; Trident/5.0)"
71.58.170.25 - - [05/Feb/2012:07:06:24 -0800] "GET /weekly/web/Picture24.gif HTTP/1.1" 200 124329 "http://www.desertdailyguide.com/weekly/index2.php?mag&pagerec=24" "Mozilla/5.0 (compatible; MSIE 9.0; Windows NT 6.0; Trident/5.0)"
71.58.170.25 - - [05/Feb/2012:07:06:25 -0800] "GET /weekly/index2.php?mag&pagerec=25 HTTP/1.1" 200 10702 "http://www.desertdailyguide.com/weekly/index2.php?mag&pagerec=24" "Mozilla/5.0 (compatible; MSIE 9.0; Windows NT 6.0; Trident/5.0)"
71.58.170.25 - - [05/Feb/2012:07:06:25 -0800] "GET /weekly/images/styles.css HTTP/1.1" 404 218 "http://www.desertdailyguide.com/weekly/index2.php?mag&pagerec=25" "Mozilla/5.0 (compatible; MSIE 9.0; Windows NT 6.0; Trident/5.0)"
71.58.170.25 - - [05/Feb/2012:07:06:25 -0800] "GET /weekly/highslide/highslide.js HTTP/1.1" 404 223 "http://www.desertdailyguide.com/weekly/index2.php?mag&pagerec=25" "Mozilla/5.0 (compatible; MSIE 9.0; Windows NT 6.0; Trident/5.0)"
71.58.170.25 - - [05/Feb/2012:07:06:26 -0800] "GET /weekly/web/Picture25.gif HTTP/1.1" 200 111685 "http://www.desertdailyguide.com/weekly/index2.php?mag&pagerec=25" "Mozilla/5.0 (compatible; MSIE 9.0; Windows NT 6.0; Trident/5.0)"
71.58.170.25 - - [05/Feb/2012:07:06:27 -0800] "GET /weekly/index2.php?mag&pagerec=26 HTTP/1.1" 200 10683 "http://www.desertdailyguide.com/weekly/index2.php?mag&pagerec=25" "Mozilla/5.0 (compatible; MSIE 9.0; Windows NT 6.0; Trident/5.0)"
71.58.170.25 - - [05/Feb/2012:07:06:27 -0800] "GET /weekly/images/styles.css HTTP/1.1" 404 218 "http://www.desertdailyguide.com/weekly/index2.php?mag&pagerec=26" "Mozilla/5.0 (compatible; MSIE 9.0; Windows NT 6.0; Trident/5.0)"
71.58.170.25 - - [05/Feb/2012:07:06:27 -0800] "GET /weekly/highslide/highslide.js HTTP/1.1" 404 223 "http://www.desertdailyguide.com/weekly/index2.php?mag&pagerec=26" "Mozilla/5.0 (compatible; MSIE 9.0; Windows NT 6.0; Trident/5.0)"
71.58.170.25 - - [05/Feb/2012:07:06:28 -0800] "GET /weekly/web/Picture26.gif HTTP/1.1" 200 96495 "http://www.desertdailyguide.com/weekly/index2.php?mag&pagerec=26" "Mozilla/5.0 (compatible; MSIE 9.0; Windows NT 6.0; Trident/5.0)"
71.58.170.25 - - [05/Feb/2012:07:06:29 -0800] "GET /weekly/index2.php?mag&pagerec=27 HTTP/1.1" 200 10751 "http://www.desertdailyguide.com/weekly/index2.php?mag&pagerec=26" "Mozilla/5.0 (compatible; MSIE 9.0; Windows NT 6.0; Trident/5.0)"
71.58.170.25 - - [05/Feb/2012:07:06:29 -0800] "GET /weekly/highslide/highslide.js HTTP/1.1" 404 223 "http://www.desertdailyguide.com/weekly/index2.php?mag&pagerec=27" "Mozilla/5.0 (compatible; MSIE 9.0; Windows NT 6.0; Trident/5.0)"
71.58.170.25 - - [05/Feb/2012:07:06:29 -0800] "GET /weekly/images/styles.css HTTP/1.1" 404 218 "http://www.desertdailyguide.com/weekly/index2.php?mag&pagerec=27" "Mozilla/5.0 (compatible; MSIE 9.0; Windows NT 6.0; Trident/5.0)"
71.58.170.25 - - [05/Feb/2012:07:06:30 -0800] "GET /weekly/web/Picture27.gif HTTP/1.1" 200 156031 "http://www.desertdailyguide.com/weekly/index2.php?mag&pagerec=27" "Mozilla/5.0 (compatible; MSIE 9.0; Windows NT 6.0; Trident/5.0)"
71.58.170.25 - - [05/Feb/2012:07:06:32 -0800] "GET /weekly/index2.php?mag&pagerec=26 HTTP/1.1" 200 10703 "http://www.desertdailyguide.com/weekly/index2.php?mag&pagerec=27" "Mozilla/5.0 (compatible; MSIE 9.0; Windows NT 6.0; Trident/5.0)"
71.58.170.25 - - [05/Feb/2012:07:06:32 -0800] "GET /weekly/highslide/highslide.js HTTP/1.1" 404 223 "http://www.desertdailyguide.com/weekly/index2.php?mag&pagerec=26" "Mozilla/5.0 (compatible; MSIE 9.0; Windows NT 6.0; Trident/5.0)"
71.58.170.25 - - [05/Feb/2012:07:06:32 -0800] "GET /weekly/images/styles.css HTTP/1.1" 404 218 "http://www.desertdailyguide.com/weekly/index2.php?mag&pagerec=26" "Mozilla/5.0 (compatible; MSIE 9.0; Windows NT 6.0; Trident/5.0)"
71.58.170.25 - - [05/Feb/2012:07:06:48 -0800] "GET /weekly/index2.php?mag&pagerec=27 HTTP/1.1" 200 10741 "http://www.desertdailyguide.com/weekly/index2.php?mag&pagerec=26" "Mozilla/5.0 (compatible; MSIE 9.0; Windows NT 6.0; Trident/5.0)"
71.58.170.25 - - [05/Feb/2012:07:06:48 -0800] "GET /weekly/highslide/highslide.js HTTP/1.1" 404 223 "http://www.desertdailyguide.com/weekly/index2.php?mag&pagerec=27" "Mozilla/5.0 (compatible; MSIE 9.0; Windows NT 6.0; Trident/5.0)"
71.58.170.25 - - [05/Feb/2012:07:06:48 -0800] "GET /weekly/images/styles.css HTTP/1.1" 404 218 "http://www.desertdailyguide.com/weekly/index2.php?mag&pagerec=27" "Mozilla/5.0 (compatible; MSIE 9.0; Windows NT 6.0; Trident/5.0)"
71.58.170.25 - - [05/Feb/2012:07:06:48 -0800] "GET /weekly/highslide/highslide.js HTTP/1.1" 404 223 "http://www.desertdailyguide.com/weekly/index2.php?mag&pagerec=27" "Mozilla/5.0 (compatible; MSIE 9.0; Windows NT 6.0; Trident/5.0)"
71.58.170.25 - - [05/Feb/2012:07:06:49 -0800] "GET /weekly/index2.php?mag&pagerec=28 HTTP/1.1" 200 10753 "http://www.desertdailyguide.com/weekly/index2.php?mag&pagerec=27" "Mozilla/5.0 (compatible; MSIE 9.0; Windows NT 6.0; Trident/5.0)"
71.58.170.25 - - [05/Feb/2012:07:06:50 -0800] "GET /weekly/highslide/highslide.js HTTP/1.1" 404 223 "http://www.desertdailyguide.com/weekly/index2.php?mag&pagerec=28" "Mozilla/5.0 (compatible; MSIE 9.0; Windows NT 6.0; Trident/5.0)"
71.58.170.25 - - [05/Feb/2012:07:06:50 -0800] "GET /weekly/highslide/highslide.js HTTP/1.1" 404 223 "http://www.desertdailyguide.com/weekly/index2.php?mag&pagerec=28" "Mozilla/5.0 (compatible; MSIE 9.0; Windows NT 6.0; Trident/5.0)"
71.58.170.25 - - [05/Feb/2012:07:06:50 -0800] "GET /weekly/images/styles.css HTTP/1.1" 404 218 "http://www.desertdailyguide.com/weekly/index2.php?mag&pagerec=28" "Mozilla/5.0 (compatible; MSIE 9.0; Windows NT 6.0; Trident/5.0)"
71.58.170.25 - - [05/Feb/2012:07:06:51 -0800] "GET /weekly/web/Picture28.gif HTTP/1.1" 200 111666 "http://www.desertdailyguide.com/weekly/index2.php?mag&pagerec=28" "Mozilla/5.0 (compatible; MSIE 9.0; Windows NT 6.0; Trident/5.0)"
71.58.170.25 - - [05/Feb/2012:07:06:52 -0800] "GET /weekly/index2.php?mag&pagerec=29 HTTP/1.1" 200 10735 "http://www.desertdailyguide.com/weekly/index2.php?mag&pagerec=28" "Mozilla/5.0 (compatible; MSIE 9.0; Windows NT 6.0; Trident/5.0)"
71.58.170.25 - - [05/Feb/2012:07:06:52 -0800] "GET /weekly/images/styles.css HTTP/1.1" 404 218 "http://www.desertdailyguide.com/weekly/index2.php?mag&pagerec=29" "Mozilla/5.0 (compatible; MSIE 9.0; Windows NT 6.0; Trident/5.0)"
71.58.170.25 - - [05/Feb/2012:07:06:52 -0800] "GET /weekly/highslide/highslide.js HTTP/1.1" 404 223 "http://www.desertdailyguide.com/weekly/index2.php?mag&pagerec=29" "Mozilla/5.0 (compatible; MSIE 9.0; Windows NT 6.0; Trident/5.0)"
71.58.170.25 - - [05/Feb/2012:07:06:53 -0800] "GET /weekly/web/Picture29.gif HTTP/1.1" 200 253272 "http://www.desertdailyguide.com/weekly/index2.php?mag&pagerec=29" "Mozilla/5.0 (compatible; MSIE 9.0; Windows NT 6.0; Trident/5.0)"
71.102.80.176 - - [05/Feb/2012:07:06:53 -0800] "GET /images/styles.css HTTP/1.1" 200 4884 "http://www.desertdailyguide.com/" "Mozilla/4.0 (compatible; MSIE 8.0; Windows NT 5.1; Trident/4.0; .NET CLR 1.1.4322; .NET CLR 2.0.50727; .NET CLR 3.0.04506.30; MDDS; InfoPath.2; .NET CLR 3.0.4506.2152; .NET CLR 3.5.30729; OfficeLiveConnector.1.3; OfficeLivePatch.0.0; BRI/2; atyinst(ihp))"
71.58.170.25 - - [05/Feb/2012:07:06:54 -0800] "GET /weekly/highslide/highslide.js HTTP/1.1" 404 223 "http://www.desertdailyguide.com/weekly/index2.php?mag&pagerec=28" "Mozilla/5.0 (compatible; MSIE 9.0; Windows NT 6.0; Trident/5.0)"
71.102.80.176 - - [05/Feb/2012:07:06:53 -0800] "GET / HTTP/1.1" 200 23351 "-" "Mozilla/4.0 (compatible; MSIE 8.0; Windows NT 5.1; Trident/4.0; .NET CLR 1.1.4322; .NET CLR 2.0.50727; .NET CLR 3.0.04506.30; MDDS; InfoPath.2; .NET CLR 3.0.4506.2152; .NET CLR 3.5.30729; OfficeLiveConnector.1.3; OfficeLivePatch.0.0; BRI/2; atyinst(ihp))"
71.102.80.176 - - [05/Feb/2012:07:06:53 -0800] "GET /AC_RunActiveContent.js HTTP/1.1" 200 3359 "http://www.desertdailyguide.com/" "Mozilla/4.0 (compatible; MSIE 8.0; Windows NT 5.1; Trident/4.0; .NET CLR 1.1.4322; .NET CLR 2.0.50727; .NET CLR 3.0.04506.30; MDDS; InfoPath.2; .NET CLR 3.0.4506.2152; .NET CLR 3.5.30729; OfficeLiveConnector.1.3; OfficeLivePatch.0.0; BRI/2; atyinst(ihp))"
108.207.64.148 - - [05/Feb/2012:07:06:54 -0800] "GET /weekly/index2.php HTTP/1.1" 200 10942 "http://www.google.com/url?sa=t&rct=j&q=&esrc=s&source=web&cd=2&ved=0CEsQjBAwAQ&url=http%3A%2F%2Fwww.desertdailyguide.com%2Fweekly%2Findex2.php&ei=CJsuT9zPLdPUiAKL-_TTCg&usg=AFQjCNEm-u7L-qknpG13ACKATGgKNBhq-w&sig2=E7o2Oyu5JqEmOAAkV66bxQ" "Mozilla/5.0 (Macintosh; Intel Mac OS X 10_7_2) AppleWebKit/535.11 (KHTML, like Gecko) Chrome/17.0.963.46 Safari/535.11"
71.58.170.25 - - [05/Feb/2012:07:06:54 -0800] "GET /weekly/images/styles.css HTTP/1.1" 404 218 "http://www.desertdailyguide.com/weekly/index2.php?mag&pagerec=28" "Mozilla/5.0 (compatible; MSIE 9.0; Windows NT 6.0; Trident/5.0)"
108.207.64.148 - - [05/Feb/2012:07:06:54 -0800] "GET /weekly/highslide/highslide.js HTTP/1.1" 404 235 "http://www.desertdailyguide.com/weekly/index2.php" "Mozilla/5.0 (Macintosh; Intel Mac OS X 10_7_2) AppleWebKit/535.11 (KHTML, like Gecko) Chrome/17.0.963.46 Safari/535.11"
108.207.64.148 - - [05/Feb/2012:07:06:54 -0800] "GET /weekly/images/styles.css HTTP/1.1" 404 230 "http://www.desertdailyguide.com/weekly/index2.php" "Mozilla/5.0 (Macintosh; Intel Mac OS X 10_7_2) AppleWebKit/535.11 (KHTML, like Gecko) Chrome/17.0.963.46 Safari/535.11"
108.207.64.148 - - [05/Feb/2012:07:06:54 -0800] "GET /weekly/AC_RunActiveContent.js HTTP/1.1" 200 3359 "http://www.desertdailyguide.com/weekly/index2.php" "Mozilla/5.0 (Macintosh; Intel Mac OS X 10_7_2) AppleWebKit/535.11 (KHTML, like Gecko) Chrome/17.0.963.46 Safari/535.11"
108.207.64.148 - - [05/Feb/2012:07:06:54 -0800] "GET /mbanners/seamaster120x60.jpg HTTP/1.1" 200 8147 "http://www.desertdailyguide.com/weekly/index2.php" "Mozilla/5.0 (Macintosh; Intel Mac OS X 10_7_2) AppleWebKit/535.11 (KHTML, like Gecko) Chrome/17.0.963.46 Safari/535.11"
108.207.64.148 - - [05/Feb/2012:07:06:54 -0800] "GET /mbanners/queenofheartsbt.jpg HTTP/1.1" 200 9714 "http://www.desertdailyguide.com/weekly/index2.php" "Mozilla/5.0 (Macintosh; Intel Mac OS X 10_7_2) AppleWebKit/535.11 (KHTML, like Gecko) Chrome/17.0.963.46 Safari/535.11"
108.207.64.148 - - [05/Feb/2012:07:06:54 -0800] "GET /images/inside.gif HTTP/1.1" 200 2096 "http://www.desertdailyguide.com/weekly/index2.php" "Mozilla/5.0 (Macintosh; Intel Mac OS X 10_7_2) AppleWebKit/535.11 (KHTML, like Gecko) Chrome/17.0.963.46 Safari/535.11"
71.102.80.176 - - [05/Feb/2012:07:06:54 -0800] "GET /images/hotspot.gif HTTP/1.1" 200 3630 "http://www.desertdailyguide.com/" "Mozilla/4.0 (compatible; MSIE 8.0; Windows NT 5.1; Trident/4.0; .NET CLR 1.1.4322; .NET CLR 2.0.50727; .NET CLR 3.0.04506.30; MDDS; InfoPath.2; .NET CLR 3.0.4506.2152; .NET CLR 3.5.30729; OfficeLiveConnector.1.3; OfficeLivePatch.0.0; BRI/2; atyinst(ihp))"
108.207.64.148 - - [05/Feb/2012:07:06:54 -0800] "GET /images/specialbanner.gif HTTP/1.1" 200 25792 "http://www.desertdailyguide.com/weekly/index2.php" "Mozilla/5.0 (Macintosh; Intel Mac OS X 10_7_2) AppleWebKit/535.11 (KHTML, like Gecko) Chrome/17.0.963.46 Safari/535.11"
71.102.80.176 - - [05/Feb/2012:07:06:54 -0800] "GET /images/business.gif HTTP/1.1" 200 1758 "http://www.desertdailyguide.com/" "Mozilla/4.0 (compatible; MSIE 8.0; Windows NT 5.1; Trident/4.0; .NET CLR 1.1.4322; .NET CLR 2.0.50727; .NET CLR 3.0.04506.30; MDDS; InfoPath.2; .NET CLR 3.0.4506.2152; .NET CLR 3.5.30729; OfficeLiveConnector.1.3; OfficeLivePatch.0.0; BRI/2; atyinst(ihp))"
71.102.80.176 - - [05/Feb/2012:07:06:55 -0800] "GET /images/entertainment.gif HTTP/1.1" 200 1959 "http://www.desertdailyguide.com/" "Mozilla/4.0 (compatible; MSIE 8.0; Windows NT 5.1; Trident/4.0; .NET CLR 1.1.4322; .NET CLR 2.0.50727; .NET CLR 3.0.04506.30; MDDS; InfoPath.2; .NET CLR 3.0.4506.2152; .NET CLR 3.5.30729; OfficeLiveConnector.1.3; OfficeLivePatch.0.0; BRI/2; atyinst(ihp))"
108.207.64.148 - - [05/Feb/2012:07:06:55 -0800] "GET /biz/desertpalmslogo80.jpg HTTP/1.1" 200 34075 "http://www.desertdailyguide.com/weekly/index2.php" "Mozilla/5.0 (Macintosh; Intel Mac OS X 10_7_2) AppleWebKit/535.11 (KHTML, like Gecko) Chrome/17.0.963.46 Safari/535.11"
71.102.80.176 - - [05/Feb/2012:07:06:55 -0800] "GET /images/specialbanner.gif HTTP/1.1" 200 25792 "http://www.desertdailyguide.com/" "Mozilla/4.0 (compatible; MSIE 8.0; Windows NT 5.1; Trident/4.0; .NET CLR 1.1.4322; .NET CLR 2.0.50727; .NET CLR 3.0.04506.30; MDDS; InfoPath.2; .NET CLR 3.0.4506.2152; .NET CLR 3.5.30729; OfficeLiveConnector.1.3; OfficeLivePatch.0.0; BRI/2; atyinst(ihp))"
108.207.64.148 - - [05/Feb/2012:07:06:55 -0800] "GET /weekly/index2.php?mag&pagerec=2 HTTP/1.1" 200 10727 "http://www.desertdailyguide.com/weekly/index2.php" "Mozilla/5.0 (Macintosh; Intel Mac OS X 10_7_2) AppleWebKit/535.11 (KHTML, like Gecko) Chrome/17.0.963.46 Safari/535.11"
108.207.64.148 - - [05/Feb/2012:07:06:55 -0800] "GET /weekly/web/Picture1.gif HTTP/1.1" 200 127703 "http://www.desertdailyguide.com/weekly/index2.php" "Mozilla/5.0 (Macintosh; Intel Mac OS X 10_7_2) AppleWebKit/535.11 (KHTML, like Gecko) Chrome/17.0.963.46 Safari/535.11"
71.102.80.176 - - [05/Feb/2012:07:06:55 -0800] "GET /images/go.gif HTTP/1.1" 200 1232 "http://www.desertdailyguide.com/" "Mozilla/4.0 (compatible; MSIE 8.0; Windows NT 5.1; Trident/4.0; .NET CLR 1.1.4322; .NET CLR 2.0.50727; .NET CLR 3.0.04506.30; MDDS; InfoPath.2; .NET CLR 3.0.4506.2152; .NET CLR 3.5.30729; OfficeLiveConnector.1.3; OfficeLivePatch.0.0; BRI/2; atyinst(ihp))"
108.207.64.148 - - [05/Feb/2012:07:06:55 -0800] "GET /weekly/web/Picture72.gif HTTP/1.1" 200 196745 "http://www.desertdailyguide.com/weekly/index2.php" "Mozilla/5.0 (Macintosh; Intel Mac OS X 10_7_2) AppleWebKit/535.11 (KHTML, like Gecko) Chrome/17.0.963.46 Safari/535.11"
108.207.64.148 - - [05/Feb/2012:07:06:55 -0800] "GET /mbanners/bonmasion120x60.jpg HTTP/1.1" 200 6879 "http://www.desertdailyguide.com/weekly/index2.php" "Mozilla/5.0 (Macintosh; Intel Mac OS X 10_7_2) AppleWebKit/535.11 (KHTML, like Gecko) Chrome/17.0.963.46 Safari/535.11"
71.58.170.25 - - [05/Feb/2012:07:06:55 -0800] "GET /weekly/index2.php?mag&pagerec=29 HTTP/1.1" 200 10725 "http://www.desertdailyguide.com/weekly/index2.php?mag&pagerec=28" "Mozilla/5.0 (compatible; MSIE 9.0; Windows NT 6.0; Trident/5.0)"
71.58.170.25 - - [05/Feb/2012:07:06:55 -0800] "GET /weekly/highslide/highslide.js HTTP/1.1" 404 223 "http://www.desertdailyguide.com/weekly/index2.php?mag&pagerec=29" "Mozilla/5.0 (compatible; MSIE 9.0; Windows NT 6.0; Trident/5.0)"
71.58.170.25 - - [05/Feb/2012:07:06:56 -0800] "GET /weekly/highslide/highslide.js HTTP/1.1" 404 223 "http://www.desertdailyguide.com/weekly/index2.php?mag&pagerec=29" "Mozilla/5.0 (compatible; MSIE 9.0; Windows NT 6.0; Trident/5.0)"
71.58.170.25 - - [05/Feb/2012:07:06:56 -0800] "GET /weekly/images/styles.css HTTP/1.1" 404 218 "http://www.desertdailyguide.com/weekly/index2.php?mag&pagerec=29" "Mozilla/5.0 (compatible; MSIE 9.0; Windows NT 6.0; Trident/5.0)"
108.207.64.148 - - [05/Feb/2012:07:06:56 -0800] "GET /weekly/web/Picture2.gif HTTP/1.1" 200 161257 "http://www.desertdailyguide.com/weekly/index2.php" "Mozilla/5.0 (Macintosh; Intel Mac OS X 10_7_2) AppleWebKit/535.11 (KHTML, like Gecko) Chrome/17.0.963.46 Safari/535.11"
108.207.64.148 - - [05/Feb/2012:07:06:56 -0800] "GET /favicon.ico HTTP/1.1" 200 3638 "-" "Mozilla/5.0 (Macintosh; Intel Mac OS X 10_7_2) AppleWebKit/535.11 (KHTML, like Gecko) Chrome/17.0.963.46 Safari/535.11"
71.58.170.25 - - [05/Feb/2012:07:06:56 -0800] "GET /weekly/index2.php?mag&pagerec=30 HTTP/1.1" 200 10675 "http://www.desertdailyguide.com/weekly/index2.php?mag&pagerec=29" "Mozilla/5.0 (compatible; MSIE 9.0; Windows NT 6.0; Trident/5.0)"
71.58.170.25 - - [05/Feb/2012:07:06:57 -0800] "GET /weekly/highslide/highslide.js HTTP/1.1" 404 223 "http://www.desertdailyguide.com/weekly/index2.php?mag&pagerec=30" "Mozilla/5.0 (compatible; MSIE 9.0; Windows NT 6.0; Trident/5.0)"
71.58.170.25 - - [05/Feb/2012:07:06:57 -0800] "GET /weekly/highslide/highslide.js HTTP/1.1" 404 223 "http://www.desertdailyguide.com/weekly/index2.php?mag&pagerec=30" "Mozilla/5.0 (compatible; MSIE 9.0; Windows NT 6.0; Trident/5.0)"
71.58.170.25 - - [05/Feb/2012:07:06:57 -0800] "GET /weekly/images/styles.css HTTP/1.1" 404 218 "http://www.desertdailyguide.com/weekly/index2.php?mag&pagerec=30" "Mozilla/5.0 (compatible; MSIE 9.0; Windows NT 6.0; Trident/5.0)"
71.58.170.25 - - [05/Feb/2012:07:06:57 -0800] "GET /weekly/web/Picture30.gif HTTP/1.1" 200 68001 "http://www.desertdailyguide.com/weekly/index2.php?mag&pagerec=30" "Mozilla/5.0 (compatible; MSIE 9.0; Windows NT 6.0; Trident/5.0)"
71.58.170.25 - - [05/Feb/2012:07:06:58 -0800] "GET /weekly/index2.php?mag&pagerec=31 HTTP/1.1" 200 10713 "http://www.desertdailyguide.com/weekly/index2.php?mag&pagerec=30" "Mozilla/5.0 (compatible; MSIE 9.0; Windows NT 6.0; Trident/5.0)"
71.58.170.25 - - [05/Feb/2012:07:06:59 -0800] "GET /weekly/highslide/highslide.js HTTP/1.1" 404 223 "http://www.desertdailyguide.com/weekly/index2.php?mag&pagerec=31" "Mozilla/5.0 (compatible; MSIE 9.0; Windows NT 6.0; Trident/5.0)"
71.58.170.25 - - [05/Feb/2012:07:06:59 -0800] "GET /weekly/images/styles.css HTTP/1.1" 404 218 "http://www.desertdailyguide.com/weekly/index2.php?mag&pagerec=31" "Mozilla/5.0 (compatible; MSIE 9.0; Windows NT 6.0; Trident/5.0)"
71.102.80.176 - - [05/Feb/2012:07:06:59 -0800] "GET /weekly/web/Picture1.gif HTTP/1.1" 200 127703 "http://www.desertdailyguide.com/" "Mozilla/4.0 (compatible; MSIE 8.0; Windows NT 5.1; Trident/4.0; .NET CLR 1.1.4322; .NET CLR 2.0.50727; .NET CLR 3.0.04506.30; MDDS; InfoPath.2; .NET CLR 3.0.4506.2152; .NET CLR 3.5.30729; OfficeLiveConnector.1.3; OfficeLivePatch.0.0; BRI/2; atyinst(ihp))"
71.58.170.25 - - [05/Feb/2012:07:06:59 -0800] "GET /weekly/web/Picture31.gif HTTP/1.1" 200 100468 "http://www.desertdailyguide.com/weekly/index2.php?mag&pagerec=31" "Mozilla/5.0 (compatible; MSIE 9.0; Windows NT 6.0; Trident/5.0)"
71.102.80.176 - - [05/Feb/2012:07:07:00 -0800] "GET /weekly/web/Picture72.gif HTTP/1.1" 200 196745 "http://www.desertdailyguide.com/" "Mozilla/4.0 (compatible; MSIE 8.0; Windows NT 5.1; Trident/4.0; .NET CLR 1.1.4322; .NET CLR 2.0.50727; .NET CLR 3.0.04506.30; MDDS; InfoPath.2; .NET CLR 3.0.4506.2152; .NET CLR 3.5.30729; OfficeLiveConnector.1.3; OfficeLivePatch.0.0; BRI/2; atyinst(ihp))"
71.58.170.25 - - [05/Feb/2012:07:07:00 -0800] "GET /weekly/index2.php?mag&pagerec=32 HTTP/1.1" 200 10733 "http://www.desertdailyguide.com/weekly/index2.php?mag&pagerec=31" "Mozilla/5.0 (compatible; MSIE 9.0; Windows NT 6.0; Trident/5.0)"
71.58.170.25 - - [05/Feb/2012:07:07:00 -0800] "GET /weekly/highslide/highslide.js HTTP/1.1" 404 223 "http://www.desertdailyguide.com/weekly/index2.php?mag&pagerec=32" "Mozilla/5.0 (compatible; MSIE 9.0; Windows NT 6.0; Trident/5.0)"
71.58.170.25 - - [05/Feb/2012:07:07:00 -0800] "GET /weekly/images/styles.css HTTP/1.1" 404 218 "http://www.desertdailyguide.com/weekly/index2.php?mag&pagerec=32" "Mozilla/5.0 (compatible; MSIE 9.0; Windows NT 6.0; Trident/5.0)"
71.102.80.176 - - [05/Feb/2012:07:07:01 -0800] "GET /favicon.ico HTTP/1.1" 200 3638 "-" "Mozilla/4.0 (compatible; MSIE 8.0; Windows NT 5.1; Trident/4.0; .NET CLR 1.1.4322; .NET CLR 2.0.50727; .NET CLR 3.0.04506.30; MDDS; InfoPath.2; .NET CLR 3.0.4506.2152; .NET CLR 3.5.30729; OfficeLiveConnector.1.3; OfficeLivePatch.0.0; BRI/2; atyinst(ihp))"
108.207.64.148 - - [05/Feb/2012:07:07:01 -0800] "GET /weekly/index2.php?mag&pagerec=3 HTTP/1.1" 200 10716 "http://www.desertdailyguide.com/weekly/index2.php" "Mozilla/5.0 (Macintosh; Intel Mac OS X 10_7_2) AppleWebKit/535.11 (KHTML, like Gecko) Chrome/17.0.963.46 Safari/535.11"
71.58.170.25 - - [05/Feb/2012:07:07:01 -0800] "GET /weekly/web/Picture32.gif HTTP/1.1" 200 117317 "http://www.desertdailyguide.com/weekly/index2.php?mag&pagerec=32" "Mozilla/5.0 (compatible; MSIE 9.0; Windows NT 6.0; Trident/5.0)"
108.207.64.148 - - [05/Feb/2012:07:07:01 -0800] "GET /ddgbutton.jpg HTTP/1.1" 200 36728 "http://www.desertdailyguide.com/weekly/index2.php" "Mozilla/5.0 (Macintosh; Intel Mac OS X 10_7_2) AppleWebKit/535.11 (KHTML, like Gecko) Chrome/17.0.963.46 Safari/535.11"
108.207.64.148 - - [05/Feb/2012:07:07:02 -0800] "GET /weekly/web/Picture3.gif HTTP/1.1" 200 146863 "http://www.desertdailyguide.com/weekly/index2.php" "Mozilla/5.0 (Macintosh; Intel Mac OS X 10_7_2) AppleWebKit/535.11 (KHTML, like Gecko) Chrome/17.0.963.46 Safari/535.11"
71.58.170.25 - - [05/Feb/2012:07:07:02 -0800] "GET /weekly/index2.php?mag&pagerec=33 HTTP/1.1" 200 10747 "http://www.desertdailyguide.com/weekly/index2.php?mag&pagerec=32" "Mozilla/5.0 (compatible; MSIE 9.0; Windows NT 6.0; Trident/5.0)"
71.58.170.25 - - [05/Feb/2012:07:07:02 -0800] "GET /weekly/highslide/highslide.js HTTP/1.1" 404 223 "http://www.desertdailyguide.com/weekly/index2.php?mag&pagerec=33" "Mozilla/5.0 (compatible; MSIE 9.0; Windows NT 6.0; Trident/5.0)"
71.58.170.25 - - [05/Feb/2012:07:07:02 -0800] "GET /weekly/images/styles.css HTTP/1.1" 404 218 "http://www.desertdailyguide.com/weekly/index2.php?mag&pagerec=33" "Mozilla/5.0 (compatible; MSIE 9.0; Windows NT 6.0; Trident/5.0)"
71.58.170.25 - - [05/Feb/2012:07:07:03 -0800] "GET /weekly/web/Picture33.gif HTTP/1.1" 200 201259 "http://www.desertdailyguide.com/weekly/index2.php?mag&pagerec=33" "Mozilla/5.0 (compatible; MSIE 9.0; Windows NT 6.0; Trident/5.0)"
108.207.64.148 - - [05/Feb/2012:07:07:06 -0800] "GET /weekly/index2.php?mag&pagerec=4 HTTP/1.1" 200 10759 "http://www.desertdailyguide.com/weekly/index2.php" "Mozilla/5.0 (Macintosh; Intel Mac OS X 10_7_2) AppleWebKit/535.11 (KHTML, like Gecko) Chrome/17.0.963.46 Safari/535.11"
108.207.64.148 - - [05/Feb/2012:07:07:06 -0800] "GET /mbanners/BodyDezign120x60.jpg HTTP/1.1" 200 40503 "http://www.desertdailyguide.com/weekly/index2.php" "Mozilla/5.0 (Macintosh; Intel Mac OS X 10_7_2) AppleWebKit/535.11 (KHTML, like Gecko) Chrome/17.0.963.46 Safari/535.11"
108.207.64.148 - - [05/Feb/2012:07:07:06 -0800] "GET /weekly/web/Picture4.gif HTTP/1.1" 200 84411 "http://www.desertdailyguide.com/weekly/index2.php" "Mozilla/5.0 (Macintosh; Intel Mac OS X 10_7_2) AppleWebKit/535.11 (KHTML, like Gecko) Chrome/17.0.963.46 Safari/535.11"
71.102.80.176 - - [05/Feb/2012:07:07:09 -0800] "GET /weekly/index2.php HTTP/1.1" 200 10850 "http://www.desertdailyguide.com/" "Mozilla/4.0 (compatible; MSIE 8.0; Windows NT 5.1; Trident/4.0; .NET CLR 1.1.4322; .NET CLR 2.0.50727; .NET CLR 3.0.04506.30; MDDS; InfoPath.2; .NET CLR 3.0.4506.2152; .NET CLR 3.5.30729; OfficeLiveConnector.1.3; OfficeLivePatch.0.0; BRI/2; atyinst(ihp))"
71.102.80.176 - - [05/Feb/2012:07:07:09 -0800] "GET /weekly/highslide/highslide.js HTTP/1.1" 404 223 "http://www.desertdailyguide.com/weekly/index2.php" "Mozilla/4.0 (compatible; MSIE 8.0; Windows NT 5.1; Trident/4.0; .NET CLR 1.1.4322; .NET CLR 2.0.50727; .NET CLR 3.0.04506.30; MDDS; InfoPath.2; .NET CLR 3.0.4506.2152; .NET CLR 3.5.30729; OfficeLiveConnector.1.3; OfficeLivePatch.0.0; BRI/2; atyinst(ihp))"
71.102.80.176 - - [05/Feb/2012:07:07:10 -0800] "GET /weekly/images/styles.css HTTP/1.1" 404 218 "http://www.desertdailyguide.com/weekly/index2.php" "Mozilla/4.0 (compatible; MSIE 8.0; Windows NT 5.1; Trident/4.0; .NET CLR 1.1.4322; .NET CLR 2.0.50727; .NET CLR 3.0.04506.30; MDDS; InfoPath.2; .NET CLR 3.0.4506.2152; .NET CLR 3.5.30729; OfficeLiveConnector.1.3; OfficeLivePatch.0.0; BRI/2; atyinst(ihp))"
71.102.80.176 - - [05/Feb/2012:07:07:10 -0800] "GET /weekly/AC_RunActiveContent.js HTTP/1.1" 200 3359 "http://www.desertdailyguide.com/weekly/index2.php" "Mozilla/4.0 (compatible; MSIE 8.0; Windows NT 5.1; Trident/4.0; .NET CLR 1.1.4322; .NET CLR 2.0.50727; .NET CLR 3.0.04506.30; MDDS; InfoPath.2; .NET CLR 3.0.4506.2152; .NET CLR 3.5.30729; OfficeLiveConnector.1.3; OfficeLivePatch.0.0; BRI/2; atyinst(ihp))"
71.102.80.176 - - [05/Feb/2012:07:07:10 -0800] "GET /mbanners/bacchanal_120X60.jpg HTTP/1.1" 200 7244 "http://www.desertdailyguide.com/weekly/index2.php" "Mozilla/4.0 (compatible; MSIE 8.0; Windows NT 5.1; Trident/4.0; .NET CLR 1.1.4322; .NET CLR 2.0.50727; .NET CLR 3.0.04506.30; MDDS; InfoPath.2; .NET CLR 3.0.4506.2152; .NET CLR 3.5.30729; OfficeLiveConnector.1.3; OfficeLivePatch.0.0; BRI/2; atyinst(ihp))"
71.102.80.176 - - [05/Feb/2012:07:07:10 -0800] "GET /mbanners/billmcjunkins_120X60.jpg HTTP/1.1" 200 9935 "http://www.desertdailyguide.com/weekly/index2.php" "Mozilla/4.0 (compatible; MSIE 8.0; Windows NT 5.1; Trident/4.0; .NET CLR 1.1.4322; .NET CLR 2.0.50727; .NET CLR 3.0.04506.30; MDDS; InfoPath.2; .NET CLR 3.0.4506.2152; .NET CLR 3.5.30729; OfficeLiveConnector.1.3; OfficeLivePatch.0.0; BRI/2; atyinst(ihp))"
71.102.80.176 - - [05/Feb/2012:07:07:10 -0800] "GET /mbanners/sunwood_120X60.jpg HTTP/1.1" 200 4182 "http://www.desertdailyguide.com/weekly/index2.php" "Mozilla/4.0 (compatible; MSIE 8.0; Windows NT 5.1; Trident/4.0; .NET CLR 1.1.4322; .NET CLR 2.0.50727; .NET CLR 3.0.04506.30; MDDS; InfoPath.2; .NET CLR 3.0.4506.2152; .NET CLR 3.5.30729; OfficeLiveConnector.1.3; OfficeLivePatch.0.0; BRI/2; atyinst(ihp))"
71.102.80.176 - - [05/Feb/2012:07:07:10 -0800] "GET /images/inside.gif HTTP/1.1" 200 2096 "http://www.desertdailyguide.com/weekly/index2.php" "Mozilla/4.0 (compatible; MSIE 8.0; Windows NT 5.1; Trident/4.0; .NET CLR 1.1.4322; .NET CLR 2.0.50727; .NET CLR 3.0.04506.30; MDDS; InfoPath.2; .NET CLR 3.0.4506.2152; .NET CLR 3.5.30729; OfficeLiveConnector.1.3; OfficeLivePatch.0.0; BRI/2; atyinst(ihp))"
71.102.80.176 - - [05/Feb/2012:07:07:11 -0800] "GET /mbanners/turnbull_120X60.gif HTTP/1.1" 200 1111 "http://www.desertdailyguide.com/weekly/index2.php" "Mozilla/4.0 (compatible; MSIE 8.0; Windows NT 5.1; Trident/4.0; .NET CLR 1.1.4322; .NET CLR 2.0.50727; .NET CLR 3.0.04506.30; MDDS; InfoPath.2; .NET CLR 3.0.4506.2152; .NET CLR 3.5.30729; OfficeLiveConnector.1.3; OfficeLivePatch.0.0; BRI/2; atyinst(ihp))"
71.102.80.176 - - [05/Feb/2012:07:07:11 -0800] "GET /biz/desertpalmslogo80.jpg HTTP/1.1" 200 34075 "http://www.desertdailyguide.com/weekly/index2.php" "Mozilla/4.0 (compatible; MSIE 8.0; Windows NT 5.1; Trident/4.0; .NET CLR 1.1.4322; .NET CLR 2.0.50727; .NET CLR 3.0.04506.30; MDDS; InfoPath.2; .NET CLR 3.0.4506.2152; .NET CLR 3.5.30729; OfficeLiveConnector.1.3; OfficeLivePatch.0.0; BRI/2; atyinst(ihp))"
108.207.64.148 - - [05/Feb/2012:07:07:16 -0800] "GET /weekly/index2.php?mag&pagerec=5 HTTP/1.1" 200 10796 "http://www.desertdailyguide.com/weekly/index2.php" "Mozilla/5.0 (Macintosh; Intel Mac OS X 10_7_2) AppleWebKit/535.11 (KHTML, like Gecko) Chrome/17.0.963.46 Safari/535.11"
108.207.64.148 - - [05/Feb/2012:07:07:17 -0800] "GET /weekly/web/Picture5.gif HTTP/1.1" 200 296214 "http://www.desertdailyguide.com/weekly/index2.php" "Mozilla/5.0 (Macintosh; Intel Mac OS X 10_7_2) AppleWebKit/535.11 (KHTML, like Gecko) Chrome/17.0.963.46 Safari/535.11"
71.102.80.176 - - [05/Feb/2012:07:07:20 -0800] "GET /weekly/index2.php?mag&pagerec=2 HTTP/1.1" 200 10688 "http://www.desertdailyguide.com/weekly/index2.php" "Mozilla/4.0 (compatible; MSIE 8.0; Windows NT 5.1; Trident/4.0; .NET CLR 1.1.4322; .NET CLR 2.0.50727; .NET CLR 3.0.04506.30; MDDS; InfoPath.2; .NET CLR 3.0.4506.2152; .NET CLR 3.5.30729; OfficeLiveConnector.1.3; OfficeLivePatch.0.0; BRI/2; atyinst(ihp))"
71.102.80.176 - - [05/Feb/2012:07:07:21 -0800] "GET /weekly/images/styles.css HTTP/1.1" 404 218 "http://www.desertdailyguide.com/weekly/index2.php?mag&pagerec=2" "Mozilla/4.0 (compatible; MSIE 8.0; Windows NT 5.1; Trident/4.0; .NET CLR 1.1.4322; .NET CLR 2.0.50727; .NET CLR 3.0.04506.30; MDDS; InfoPath.2; .NET CLR 3.0.4506.2152; .NET CLR 3.5.30729; OfficeLiveConnector.1.3; OfficeLivePatch.0.0; BRI/2; atyinst(ihp))"
71.102.80.176 - - [05/Feb/2012:07:07:21 -0800] "GET /weekly/highslide/highslide.js HTTP/1.1" 404 223 "http://www.desertdailyguide.com/weekly/index2.php?mag&pagerec=2" "Mozilla/4.0 (compatible; MSIE 8.0; Windows NT 5.1; Trident/4.0; .NET CLR 1.1.4322; .NET CLR 2.0.50727; .NET CLR 3.0.04506.30; MDDS; InfoPath.2; .NET CLR 3.0.4506.2152; .NET CLR 3.5.30729; OfficeLiveConnector.1.3; OfficeLivePatch.0.0; BRI/2; atyinst(ihp))"
108.207.64.148 - - [05/Feb/2012:07:07:21 -0800] "GET /weekly/index2.php?mag&pagerec=6 HTTP/1.1" 200 10771 "http://www.desertdailyguide.com/weekly/index2.php" "Mozilla/5.0 (Macintosh; Intel Mac OS X 10_7_2) AppleWebKit/535.11 (KHTML, like Gecko) Chrome/17.0.963.46 Safari/535.11"
71.102.80.176 - - [05/Feb/2012:07:07:22 -0800] "GET /mbanners/blumoon120x60.jpg HTTP/1.1" 200 7029 "http://www.desertdailyguide.com/weekly/index2.php?mag&pagerec=2" "Mozilla/4.0 (compatible; MSIE 8.0; Windows NT 5.1; Trident/4.0; .NET CLR 1.1.4322; .NET CLR 2.0.50727; .NET CLR 3.0.04506.30; MDDS; InfoPath.2; .NET CLR 3.0.4506.2152; .NET CLR 3.5.30729; OfficeLiveConnector.1.3; OfficeLivePatch.0.0; BRI/2; atyinst(ihp))"
71.102.80.176 - - [05/Feb/2012:07:07:22 -0800] "GET /mbanners/DesertParadise_120X60.jpg HTTP/1.1" 200 14972 "http://www.desertdailyguide.com/weekly/index2.php?mag&pagerec=2" "Mozilla/4.0 (compatible; MSIE 8.0; Windows NT 5.1; Trident/4.0; .NET CLR 1.1.4322; .NET CLR 2.0.50727; .NET CLR 3.0.04506.30; MDDS; InfoPath.2; .NET CLR 3.0.4506.2152; .NET CLR 3.5.30729; OfficeLiveConnector.1.3; OfficeLivePatch.0.0; BRI/2; atyinst(ihp))"
71.102.80.176 - - [05/Feb/2012:07:07:22 -0800] "GET /mbanners/classichomes_120X60.jpg HTTP/1.1" 200 15598 "http://www.desertdailyguide.com/weekly/index2.php?mag&pagerec=2" "Mozilla/4.0 (compatible; MSIE 8.0; Windows NT 5.1; Trident/4.0; .NET CLR 1.1.4322; .NET CLR 2.0.50727; .NET CLR 3.0.04506.30; MDDS; InfoPath.2; .NET CLR 3.0.4506.2152; .NET CLR 3.5.30729; OfficeLiveConnector.1.3; OfficeLivePatch.0.0; BRI/2; atyinst(ihp))"
108.207.64.148 - - [05/Feb/2012:07:07:22 -0800] "GET /weekly/web/Picture6.gif HTTP/1.1" 200 340238 "http://www.desertdailyguide.com/weekly/index2.php" "Mozilla/5.0 (Macintosh; Intel Mac OS X 10_7_2) AppleWebKit/535.11 (KHTML, like Gecko) Chrome/17.0.963.46 Safari/535.11"
71.102.80.176 - - [05/Feb/2012:07:07:22 -0800] "GET /ddgbutton.jpg HTTP/1.1" 200 36728 "http://www.desertdailyguide.com/weekly/index2.php?mag&pagerec=2" "Mozilla/4.0 (compatible; MSIE 8.0; Windows NT 5.1; Trident/4.0; .NET CLR 1.1.4322; .NET CLR 2.0.50727; .NET CLR 3.0.04506.30; MDDS; InfoPath.2; .NET CLR 3.0.4506.2152; .NET CLR 3.5.30729; OfficeLiveConnector.1.3; OfficeLivePatch.0.0; BRI/2; atyinst(ihp))"
71.102.80.176 - - [05/Feb/2012:07:07:25 -0800] "GET /weekly/web/Picture2.gif HTTP/1.1" 200 161257 "http://www.desertdailyguide.com/weekly/index2.php?mag&pagerec=2" "Mozilla/4.0 (compatible; MSIE 8.0; Windows NT 5.1; Trident/4.0; .NET CLR 1.1.4322; .NET CLR 2.0.50727; .NET CLR 3.0.04506.30; MDDS; InfoPath.2; .NET CLR 3.0.4506.2152; .NET CLR 3.5.30729; OfficeLiveConnector.1.3; OfficeLivePatch.0.0; BRI/2; atyinst(ihp))"
108.207.64.148 - - [05/Feb/2012:07:07:27 -0800] "GET /weekly/index2.php?mag&pagerec=7 HTTP/1.1" 200 10695 "http://www.desertdailyguide.com/weekly/index2.php" "Mozilla/5.0 (Macintosh; Intel Mac OS X 10_7_2) AppleWebKit/535.11 (KHTML, like Gecko) Chrome/17.0.963.46 Safari/535.11"
108.207.64.148 - - [05/Feb/2012:07:07:28 -0800] "GET /mbanners/blumoon120x60.jpg HTTP/1.1" 200 7029 "http://www.desertdailyguide.com/weekly/index2.php" "Mozilla/5.0 (Macintosh; Intel Mac OS X 10_7_2) AppleWebKit/535.11 (KHTML, like Gecko) Chrome/17.0.963.46 Safari/535.11"
108.207.64.148 - - [05/Feb/2012:07:07:28 -0800] "GET /weekly/web/Picture7.gif HTTP/1.1" 200 28490 "http://www.desertdailyguide.com/weekly/index2.php" "Mozilla/5.0 (Macintosh; Intel Mac OS X 10_7_2) AppleWebKit/535.11 (KHTML, like Gecko) Chrome/17.0.963.46 Safari/535.11"
71.102.80.176 - - [05/Feb/2012:07:07:29 -0800] "GET /weekly/index2.php?mag&pagerec=3 HTTP/1.1" 200 10756 "http://www.desertdailyguide.com/weekly/index2.php?mag&pagerec=2" "Mozilla/4.0 (compatible; MSIE 8.0; Windows NT 5.1; Trident/4.0; .NET CLR 1.1.4322; .NET CLR 2.0.50727; .NET CLR 3.0.04506.30; MDDS; InfoPath.2; .NET CLR 3.0.4506.2152; .NET CLR 3.5.30729; OfficeLiveConnector.1.3; OfficeLivePatch.0.0; BRI/2; atyinst(ihp))"
71.102.80.176 - - [05/Feb/2012:07:07:29 -0800] "GET /weekly/highslide/highslide.js HTTP/1.1" 404 223 "http://www.desertdailyguide.com/weekly/index2.php?mag&pagerec=3" "Mozilla/4.0 (compatible; MSIE 8.0; Windows NT 5.1; Trident/4.0; .NET CLR 1.1.4322; .NET CLR 2.0.50727; .NET CLR 3.0.04506.30; MDDS; InfoPath.2; .NET CLR 3.0.4506.2152; .NET CLR 3.5.30729; OfficeLiveConnector.1.3; OfficeLivePatch.0.0; BRI/2; atyinst(ihp))"
71.102.80.176 - - [05/Feb/2012:07:07:30 -0800] "GET /weekly/images/styles.css HTTP/1.1" 404 218 "http://www.desertdailyguide.com/weekly/index2.php?mag&pagerec=3" "Mozilla/4.0 (compatible; MSIE 8.0; Windows NT 5.1; Trident/4.0; .NET CLR 1.1.4322; .NET CLR 2.0.50727; .NET CLR 3.0.04506.30; MDDS; InfoPath.2; .NET CLR 3.0.4506.2152; .NET CLR 3.5.30729; OfficeLiveConnector.1.3; OfficeLivePatch.0.0; BRI/2; atyinst(ihp))"
71.102.80.176 - - [05/Feb/2012:07:07:30 -0800] "GET /mbanners/bonmasion120x60.jpg HTTP/1.1" 200 6879 "http://www.desertdailyguide.com/weekly/index2.php?mag&pagerec=3" "Mozilla/4.0 (compatible; MSIE 8.0; Windows NT 5.1; Trident/4.0; .NET CLR 1.1.4322; .NET CLR 2.0.50727; .NET CLR 3.0.04506.30; MDDS; InfoPath.2; .NET CLR 3.0.4506.2152; .NET CLR 3.5.30729; OfficeLiveConnector.1.3; OfficeLivePatch.0.0; BRI/2; atyinst(ihp))"
71.102.80.176 - - [05/Feb/2012:07:07:30 -0800] "GET /mbanners/blackhawk_120X60.jpg HTTP/1.1" 200 8604 "http://www.desertdailyguide.com/weekly/index2.php?mag&pagerec=3" "Mozilla/4.0 (compatible; MSIE 8.0; Windows NT 5.1; Trident/4.0; .NET CLR 1.1.4322; .NET CLR 2.0.50727; .NET CLR 3.0.04506.30; MDDS; InfoPath.2; .NET CLR 3.0.4506.2152; .NET CLR 3.5.30729; OfficeLiveConnector.1.3; OfficeLivePatch.0.0; BRI/2; atyinst(ihp))"
108.207.64.148 - - [05/Feb/2012:07:07:30 -0800] "GET /weekly/index2.php?mag&pagerec=8 HTTP/1.1" 200 10730 "http://www.desertdailyguide.com/weekly/index2.php" "Mozilla/5.0 (Macintosh; Intel Mac OS X 10_7_2) AppleWebKit/535.11 (KHTML, like Gecko) Chrome/17.0.963.46 Safari/535.11"
71.102.80.176 - - [05/Feb/2012:07:07:31 -0800] "GET /mbanners/BodyDezign120x60.jpg HTTP/1.1" 200 40503 "http://www.desertdailyguide.com/weekly/index2.php?mag&pagerec=3" "Mozilla/4.0 (compatible; MSIE 8.0; Windows NT 5.1; Trident/4.0; .NET CLR 1.1.4322; .NET CLR 2.0.50727; .NET CLR 3.0.04506.30; MDDS; InfoPath.2; .NET CLR 3.0.4506.2152; .NET CLR 3.5.30729; OfficeLiveConnector.1.3; OfficeLivePatch.0.0; BRI/2; atyinst(ihp))"
108.207.64.148 - - [05/Feb/2012:07:07:31 -0800] "GET /weekly/web/Picture8.gif HTTP/1.1" 200 190847 "http://www.desertdailyguide.com/weekly/index2.php" "Mozilla/5.0 (Macintosh; Intel Mac OS X 10_7_2) AppleWebKit/535.11 (KHTML, like Gecko) Chrome/17.0.963.46 Safari/535.11"
